ided by 295?
198
What is the remainder when 169468 is divided by 6050?
68
Calculate the remainder when 9388 is divided by 349.
314
What is the remainder when 70384 is divided by 81?
76
What is the remainder when 374841 is divided by 72?
9
Calculate the remainder when 438094 is divided by 43.
10
What is the remainder when 33849 is divided by 3049?
310
Calculate the remainder when 50782 is divided by 368.
366
Calculate the remainder when 111791 is divided by 1692.
119
Calculate the remainder when 2703 is divided by 943.
817
Calculate the remainder when 31554 is divided by 92.
90
Calculate the remainder when 18928 is divided by 36.
28
Calculate the remainder when 13082 is divided by 3.
2
What is the remainder when 210594 is divided by 11?
10
Calculate the remainder when 9698 is divided by 604.
34
Calculate the remainder when 274642 is divided by 137315.
12
Calculate the remainder when 913716 is divided by 407.
1
Calculate the remainder when 1784 is divided by 865.
54
Calculate the remainder when 271584 is divided by 7.
5
What is the remainder when 4046 is divided by 67?
26
Calculate the remainder when 2820 is divided by 86.
68
Calculate the remainder when 153340 is divided by 76664.
12
What is the remainder when 1109 is divided by 22?
9
Calculate the remainder when 26491 is divided by 778.
39
What is the remainder when 26050 is divided by 785?
145
What is the remainder when 1642365 is divided by 34?
29
Calculate the remainder when 126724 is divided by 353.
350
What is the remainder when 59424 is divided by 190?
144
What is the remainder when 14679 is divided by 1126?
41
Calculate the remainder when 9132 is divided by 9115.
17
What is the remainder when 13431 is divided by 2553?
666
Calculate the remainder when 267132 is divided by 89040.
12
What is the remainder when 2832 is divided by 5?
2
Calculate the remainder when 2932 is divided by 270.
232
What is the remainder when 39211 is divided by 436?
407
What is the remainder when 452757 is divided by 41?
35
What is the remainder when 4126 is divided by 14?
10
Calculate the remainder when 64 is divided by 17.
13
What is the remainder when 1817 is divided by 21?
11
What is the remainder when 111779 is divided by 186?
179
What is the remainder when 4416 is divided by 2200?
16
Calculate the remainder when 4894 is divided by 102.
100
Calculate the remainder when 3812 is divided by 1880.
52
What is the remainder when 11782 is divided by 20?
2
Calculate the remainder when 20530 is divided by 79.
69
Calculate the remainder when 6583 is divided by 6582.
1
What is the remainder when 741509 is divided by 770?
769
Calculate the remainder when 2961 is divided by 23.
17
Calculate the remainder when 37555 is divided by 117.
115
Calculate the remainder when 13835 is divided by 38.
3
Calculate the remainder when 1665482 is divided by 282.
272
Calculate the remainder when 11209 is divided by 322.
261
Calculate the remainder when 8116 is divided by 59.
33
What is the remainder when 10076 is divided by 774?
14
Calculate the remainder when 8088487 is divided by 9.
7
Calculate the remainder when 47558 is divided by 461.
75
Calculate the remainder when 744074 is divided by 122.
118
Calculate the remainder when 60709 is divided by 213.
4
Calculate the remainder when 1758 is divided by 1740.
18
What is the remainder when 53426 is divided by 208?
178
What is the remainder when 29233 is divided by 9226?
1555
Calculate the remainder when 3751 is divided by 917.
83
What is the remainder when 24163 is divided by 21?
13
Calculate the remainder when 95631 is divided by 506.
503
What is the remainder when 2315 is divided by 376?
59
What is the remainder when 540616 is divided by 539?
538
What is the remainder when 60902 is divided by 15211?
58
Calculate the remainder when 12900 is divided by 33.
30
What is the remainder when 10765 is divided by 251?
223
Calculate the remainder when 33367 is divided by 29.
17
Calculate the remainder when 1497 is divided by 161.
48
Calculate the remainder when 41800 is divided by 1811.
147
Calculate the remainder when 135945 is divided by 41.
30
Calculate the remainder when 2490 is divided by 2443.
47
What is the remainder when 3237 is divided by 3219?
18
Calculate the remainder when 340447 is divided by 550.
547
What is the remainder when 810 is divided by 524?
286
Calculate the remainder when 733517 is divided by 31.
26
What is the remainder when 29357 is divided by 150?
107
What is the remainder when 34305 is divided by 3783?
258
Calculate the remainder when 82140 is divided by 222.
0
What is the remainder when 24847 is divided by 151?
83
Calculate the remainder when 689785 is divided by 36.
25
What is the remainder when 17750 is divided by 518?
138
What is the remainder when 569752 is divided by 81?
79
Calculate the remainder when 68870 is divided by 6885.
20
Calculate the remainder when 95155 is divided by 13585.
60
What is the remainder when 1904 is divided by 309?
50
What is the remainder when 45209 is divided by 77?
10
What is the remainder when 21789 is divided by 5436?
45
Calculate the remainder when 119134 is divided by 89.
52
Calculate the remainder when 1081 is divided by 547.
534
What is the remainder when 15540 is divided by 79?
56
Calculate the remainder when 15488 is divided by 76.
60
Calculate the remainder when 83547 is divided by 788.
19
Calculate the remainder when 30921 is divided by 50.
21
What is the remainder when 914597 is divided by 269?
266
Calculate the remainder when 1179898 is divided by 690.
688
Calculate the remainder when 25568 is divided by 8483.
119
What is the remainder when 12922 is divided by 12826?
96
What is the remainder when 13598 is divided by 20?
18
Calculate the remainder when 458 is divided by 144.
26
What is the remainder when 2834 is divided by 412?
362
What is the remainder when 4800 is divided by 65?
55
Calculate the remainder when 1624388 is divided by 42.
38
Calculate the remainder when 28 is divided by 20.
8
What is the remainder when 48359 is divided by 8011?
293
What is the remainder when 78330 is divided by 563?
73
What is the remainder when 14663 is divided by 271?
29
What is the remainder when 381320 is divided by 95324?
24
What is the remainder when 458 is divided by 162?
134
What is the remainder when 631 is divided by 263?
105
What is the remainder when 162866 is divided by 8143?
6
What is the remainder when 660 is divided by 380?
280
Calculate the remainder when 385684 is divided by 74.
70
What is the remainder when 11906 is divided by 700?
6
Calculate the remainder when 1417 is divided by 70.
17
Calculate the remainder when 29809 is divided by 4966.
13
Calculate the remainder when 769 is divided by 86.
81
Calculate the remainder when 26463 is divided by 39.
21
What is the remainder when 13359 is divided by 6?
3
What is the remainder when 1766 is divided by 66?
50
Calculate the remainder when 14274 is divided by 7127.
20
Calculate the remainder when 52593 is divided by 939.
9
Calculate the remainder when 4944 is divided by 433.
181
What is the remainder when 5167 is divided by 1681?
124
Calculate the remainder when 278 is divided by 13.
5
What is the remainder when 256148 is divided by 256148?
0
What is the remainder when 4677 is divided by 13?
10
Calculate the remainder when 6692 is divided by 830.
52
Calculate the remainder when 11566 is divided by 170.
6
Calculate the remainder when 36630 is divided by 196.
174
Calculate the remainder when 33878 is divided by 11279.
41
What is the remainder when 2044870 is divided by 21?
16
Calculate the remainder when 17644 is divided by 2516.
32
What is the remainder when 6145 is divided by 30?
25
Calculate the remainder when 6891 is divided by 491.
17
What is the remainder when 37251 is divided by 44?
27
Calculate the remainder when 1873 is divided by 480.
433
Calculate the remainder when 93837 is divided by 8.
5
Calculate the remainder when 146105 is divided by 13.
11
Calculate the remainder when 7455 is divided by 1858.
23
Calculate the remainder when 662 is divided by 15.
2
Calculate the remainder when 177869 is divided by 300.
269
Calculate the remainder when 985 is divided by 847.
138
What is the remainder when 5905 is divided by 3?
1
Calculate the remainder when 25697 is divided by 3664.